e 51 + (-35 - -25 - 21).
20
What is -9 + (0 - -14) + -25 + 0?
-20
Calculate -15 + (14 - 16) + 13.
-4
-40 + (40 - (33 + -17))
-16
What is -23 + (-1 - -1) - ((47 - -60) + -110)?
-20
Calculate 8 + (-14 - (-21 + 23)).
-8
Calculate -4 + 0 - ((-5 - 8) + 0).
9
Evaluate 14 - 11 - (-3 - -11 - -3).
-8
Evaluate 7 - ((-3 - (-1 - -8) - -19) + -4).
2
Evaluate 0 - (-8 + 13 + -11) - -10.
16
36 - (10 - (-31 - -22))
17
What is -155 + 116 + 34 + 3?
-2
1 + 4 - ((-17 - -8) + 2)
12
Calculate (65 - 36 - 24) + -1 + 14.
18
Calculate 51 - 3 - (-42 + 62).
28
Evaluate (24 - 31) + -35 + 21.
-21
Calculate 8 + (-13 - (-10 + 14)).
-9
-4 + 8 + 11 - 3 - 8
4
What is the value of -6 + 3 + (0 - -13 - 13)?
-3
What is the value of 1 + 4 + (-3 - -14) + 15 + -22?
9
What is the value of (2 - (7 + (15 - -3) + -7)) + 0?
-16
What is the value of 11 + 0 - 21 - (-12 + -4)?
6
Evaluate (4 - (-18 - -12)) + (-10 - 1).
-1
-19 + 0 + (-43 - -72)
10
9 + 1 - 20 - (53 - 45)
-18
Calculate -4 + -1 + 6 + 0 + 3 - -4.
8
What is (-34 - 9) + 38 - 18?
-23
Evaluate -6 + -8 + (-6 - (-7 + (-8 - -10))).
-15
Evaluate 6 - (19 + 27 - 20).
-20
Evaluate 0 + 4 + 90 + -101 - (-1 - 2).
-4
What is (-7 + -14 - -3) + 13?
-5
What is the value of -1 + -2 + 1 + (-2200 - -2198)?
-4
Calculate 7 - (-2 + 3 + -1 - (14 - 10)).
11
What is the value of -9 + (7 + -1 - (-19 - -1))?
15
Evaluate 1 + -8 + -3 + (4 - (0 - -9)).
-15
25 + (-38 - (39 - 67))
15
What is the value of -8 - (6 + 0 + 7 + -14) - 9?
-16
What is the value of 17 + (9 - 1) - 14?
11
What is -5 + -1 + 5 - (-5 - -4 - -7)?
-7
What is 17 - 10 - (40 + 3 + (3 - 2))?
-37
-18 + (-18 - -32) - (-8 + 0)
4
(20 + 18 - 22) + (-10 - 5)
1
What is the value of 8 + (-27 - -4) + (7 - 0) + 27?
19
11 + -15 + 10 + -1
5
(-12 - (-8 + 10)) + 11 - -12
9
Calculate -2 - 3 - (-23 - -15 - -16).
-13
What is 8 - (5 - (-10 + 17))?
10
Evaluate 61 + -52 - (5 - 17).
21
Calculate (0 - 13) + (163 - 146).
4
-810 + 761 - (1 + -24)
-26
Calculate (-18 - -16 - ((-1 - 8) + -1)) + 0.
8
-1 - ((8 - 29) + 4)
16
Evaluate (-9 - -10) + 6 + -13 + -12.
-18
Calculate 11 - (1 + -6 + 14).
2
4 + -9 + 11 + -7 + (8 - 4)
3
Calculate (-11 - -16) + 3 + 5 - 7.
6
-22 - 8 - -36 - 0
6
What is (2 + 2 - (-28 - -20)) + -6 - 9?
-3
What is 10 - ((77 - 81) + -2 + 1 + -4)?
19
(-8 - (-2 - 13)) + -5 + (4 - 0)
6
Calculate 41 + -14 + -5 - (-3 - -2).
23
What is -17 + 19 + -12 + 0 + -9?
-19
What is the value of 7 + 1 - 15 - -5?
-2
Evaluate -2 + (-2 - (6 + 1)) - (-1714 + 1716).
-13
What is 41 + -10 + 13 + -23?
21
Evaluate -30 - (-23 + (1 - -7) - -1).
-16
Calculate 40 + -43 + 6 - (2 + 0 - 19).
20
Calculate 1 + -25 + 14 - -1 - (-8 + 0).
-1
What is the value of -10 - (-2 + 3 + -46 + 39)?
-4
Evaluate 6 + (-12 - -17) - 2.
9
Evaluate -1 - (-3 - 1 - (-17 + 12)) - -6.
4
Evaluate -5 + (-3 + 6 - -5) + -21.
-18
Calculate (22 - 10) + -46 + 58.
24
Evaluate 1 + 3 - (7 - (4 - -1 - -8)).
10
What is the value of (16 + -13 - 19) + -2?
-18
What is 38 - 3 - (-335 - -340)?
30
Calculate (-10 - -3) + (5 - -2) + 10.
10
What is 57 - (0 + 6 - -22)?
29
12 + (-1 - (11 - -16)) - 12
-28
What is -15 - -10 - (-12 + (3 - -3) - 14)?
15
What is the value of (-34 - -23) + -1 + 3 + -5?
-14
-17 + (-47 - -25 - -47)
8
Evaluate 13 + (22 + -13 - 18).
4
What is the value of -23 + 14 + -15 + 15?
-9
(33 + -10 - 47) + (-3 - (-1 + -2))
-24
14 + -5 + 5 - ((-3 - 1) + 6)
12
What is the value of 16 + -6 + 11 + -8 - 11?
2
What is the value of 8 + (-14 + -1 - (33 + -35))?
-5
What is -5 - -19 - (66 - 56)?
4
2 + (-3 - (0 + 1) - 1 - -4)
1
Evaluate 3 + 2 + 2 + 3.
10
Calculate 425 + -434 - (0 + 2).
-11
What is -2 + 39 + -12 - 14?
11
What is the value of -8 + -1 - (-15 - -10 - 3 - 2)?
1
(-5 - 12) + (34 - 30)
-13
What is 3 + (0 - -2) + -4 + -4 - 3?
-6
Calculate -7 + 24 + -11 - (19 - -3).
-16
What is the value of 0 - ((42 - 33) + (5 - 3))?
-11
Calculate -24 - (-31 - -4) - (0 - -19).
-16
What is 19 - (18 - (-11 - 8 - 20))?
-38
What is the value of (14 - -2) + (13 - 28)?
1
What is 22 + 5 - (12 + -12 + 0 + 5)?
22
Evaluate -8 + -5 + 33 + -21.
-1
Calculate -2 + 1 + -2 + (-8 - -13 - 1).
1
What is the value of 1 + -9 - (-26 - (-39 - -10))?
-11
Evaluate 56 + -76 - (-1 + -12).
-7
Evaluate -29 + (4 - -11 - 4 - 4).
-22
What is the value of -10 - (1 - (3 + 4 + -5) - -2)?
-11
What is the value of -2 + -2 + 2 + -3 - (-2 - -12)?
-15
What is -5 + 4 + 10 + -2 + 14 + -9?
12
Evaluate 15 + 0 - (3 + -5).
17
Evaluate 21 + (-32 - (13 + -12)).
-12
15 + (-10 + 1 + 19 - -4)
29
What is 6 + -3 - -1 - (-6 - -2)?
8
Calculate -20 - ((-13 - 11) + -9).
13
0 + 42 + (18 - 52)
8
What is the value of 3 - (6 + 1 + 5)?
-9
What is the value of 15 + (-8 - (12 + -17))?
12
What is the value of (39 - 35) + (-12 - (0 + (1 - 0)))?
-9
Calculate -2 - -21 - (-193 - -195 - (0 - -1)).
18
What is the value of -2 + 5 - (-5 + 2 + 3)?
3
29 + (-596 + 595 - (-1 - (-2 - 2)))
25
-17 + (-12 - (11 + -23)) + 0
-17
What is (0 - -20) + (158 - 171)?
7
(31 - 2 - 20) + -15
-6
Calculate ((-1 - -3) + -11 - 5) + 7.
-7
What is (0 + 0 + 1 - -1) + -7?
-5
30 - ((20 - 16) + 19)
7
Evaluate -9 + (1 - -10 - 9).
-7
Calculate (-4 + 3 - (1 - 14)) + -9.
3
Calculate 2 + -7 + 0 + 2 + -2 + -7.
-12
Calculate (-2 - -18) + -248 + 241 + 1 + 4.
14
Evaluate 1 + 7 + (4 - -1) - 14.
-1
Evaluate -75 + 87 - (0 - (2 - 6)).
8
What is 19 + 4 - (11 + 5)?
7
What is -4 - (36 - 37) - (-1 - -11)?
-13
What is -1 + -1 + (7 + -11 + 0 - 3)?
-9
Evaluate 14 + (0 + (-2 - -4) - 5).
11
(23 - (11 + 45)) + 16
-17
Evaluate -9 + (17 - 9) + (6 - -12).
17
0 - 0 - (-7 + 12 + -8)
3
Calculate -8 + -5 + -1 - (56 - 70).
0
Evaluate 23 + -33 - (1 - 15) - (0 - -1).
3
Calculate -20 + (-16 - (-9 + -6)).
-21
What is the value of 14 - (5 - 0) - -21 - -1?
31
-2 + 10 - (281 - 271)
-2
What is 36 - 12 - 16 - 20?
-12
Evaluate 0 + 6 + -3 + (7 - 1) + 1.
10
Evaluate -1573 + 1569 + (1 - 1) + 5.
1
What is the value of (6 - 0) + (-66 - -57)?
-3
What is (-6 - -5) + (8 - (11 - 4))?
0
What is -38 + (14 - 8) + (-4 + 9 - 11)?
-38
(-10 - -24) + (15 - 33) + -9
-13
(13 - -8 - -6) + -17
10
Calculate 3 + (6 - (12 + -13) - (15 + -1)).
-4
Evaluate -51 - -4 - (-24 + 8 + 4).
-35
What is (45 - (-23 + 26)) + -18?
24
Calculate (5 - 6 - (-13 + 0 - -18)) + 5.
-1
What is the value of 10 - (0 + 2 - (2 + 3))?
13
Calculate (-10 - (-18 - -5)) + (14 - -1).
18
What is -2 + 1 + 1 - 1 - (-119 + 112)?
6
What is the value of 36 + -41 - (-1 + 0 - (5 + -2))?
-1
-31 + (-10 + 10 - -18)
-13
(-2 + 0 - (5 - (3 + -3))) + 0
-7
What is 23 + -27 + 23 + -17?
2
What is the value of (11 - 6 - 25) + -4 + 13 + -12?
-23
(0 - -5) + -45 + 56 + (1 - 21)
-4
-220 + 234 - (1 - -11)
2
(-15 - -1) + (24 - 21 - -7)
-4
Calculate 22 - (31 + -8 + -7) - 18.
-12
What is 67 + -110 - (-22 + 3)?
-24
Calculate 18 + 10 + -18 + 4 - 3.
11
Evaluate (-1 - 2 - -11) + -254 + 248.
2
What is 19 - (-6 - (-5 - 0)) - -15?
35
-14 + (19 - 28 - -6)
-17
Calculate 19 + -3 + -14 - (3 - -15).
-16
Evaluate -15 + (19 - (0 + 12 - 3)).
-5
What is the value of -2 + 14 + 0 + 2?
14
0 + 2 + 2 - (-22 - -11 - -11)
4
Calculate (-2 - 0 - -22) + (11 - (0 - -18)).
13
What is (-1 - 44) + -2638 + 2666?
-17
Calculate 98 - (58 + -22) - 38.
24
What is 1 + -5 + 1 + (20 - 20) + -9?
-12
What is (-13 - (-8 - (1 + 8))) + 26?
30
What is (-14 - 8 - -13) + 10?
1
-14 + (50 - 20) + -3 + -13
0
What is the value of 11 + -7 + -12 + 9?
1
(-39 - -29) + 9 + (-2 - 5)
-8
Calculate -13 + (-40 - (-71 + 24)).
-6
What is the value of (-12 - (-12 - 3) - (13 - 1)) + 39?
30
Evaluate (21 - -4) + -23 + -11.
-9
What is the value of (-18 - (-9 - -7) - 3) + 1?
-18
What is the value of 299 + -336 + (64 - -4)?
31
Calculate -158 + 168 + -5 + 0.
5
What is (15 - 1) + (-2 - 3) + -23 + 22?
8
What is the value of 1 + 1 - (6 - (10 + -14) - 11)?
3
Evaluate -10 + (-11 - (-24 + 6)) - -5.
2
What is the value of (-10 - (-19 - -24)) + 7 + 0 + -2?
-10
Evaluate -16 + 24 + -18 + 34.
24
What is 35 + (-8 - 33) + 26?
20
Evaluate -8 - -6 - (-6 - (4 - 6)).
2
-8 + (8 + -3 - (2 - (4 - 4)))
-5
-8 + 6 + 2 - (0 - -24 - -1)
-25
What is -1 + 2 - (3 - (-6 - -10) - -12)?
-10
Evaluate 7 - (-8 - (-9 + 0 - -2)).
8
(62 - 35 - 17) + 11 + 0
21
What is the value of (-32 - -2) + 633 + -612?
-9
Calculate (44 - 50) + 4 + -2.
-4
10 + 2 + -3 - 29 - 2
-22
What is -47 + (-11 - (-25 + -7))?
-26
45 + -7 + -34 - (10 - 1)
-5
0 + -1 + 1 + 4644 + -4629
15
Calculate (4 - -4) + (35 - 55) + 12.
0
(1 - -3) + (759 - 759)
4
What is